vative of -m**4/4 - 7*m**3/3 + 4*m**2 - 4*m - 2. Determine d(-8).
-4
Suppose 0 = -5*h - v + 9 - 3, -10 = h + 3*v. Let y(u) = -6*u - 5. Let d(c) = 13*c + 11. Let t(g) = -3*d(g) - 7*y(g). What is t(h)?
8
Let v(p) = 7*p**3 - 11*p**2 - p + 17. Let f(u) = 3*u**3 - 5*u**2 + 8. Let t(w) = 9*f(w) - 4*v(w). What is t(-3)?
10
Let m = 6 + -9. Let x(a) be the second derivative of -a**3/6 + 10*a. Determine x(m).
3
Let h(v) = 6*v**2 + 8*v - 4. Let j(b) = -5*b**2 - 7*b + 3. Let k(s) = 4*h(s) + 5*j(s). Determine k(-2).
1
Suppose -l + 4*l = 6. Let k(t) = 0*t**2 - t**3 - 6 + 0*t**3 - t**l. Give k(0).
-6
Let g(a) = a**2 - a - 4. Let c(w) = -2*w**2 + 3*w + 8. Let r(y) = -2*c(y) - 5*g(y). Let m be r(-3). Let k(d) = -d**2 + 2*d + 1. What is k(m)?
-7
Let q(r) = -4*r - 8. Let f be q(-2). Let u(t) be the second derivative of 1/6*t**3 - 2*t + f + 0*t**2. Give u(2).
2
Let y(d) = -4*d**2 - d - 8. Let z(f) = -5*f**2 - 9. Let a(l) = 4*y(l) - 3*z(l). Determine a(-4).
-5
Let k(u) = -u + 7. Suppose -4*p = -3*h + 4, -5*h - 1 = -5*p - 6. Calculate k(h).
7
Let v(g) be the first derivative of g**2 - 5*g - 28. Calculate v(6).
7
Let v(a) = -a**3 - 4*a**2 + 5*a + 2. Let p = -44 - -39. Give v(p).
2
Let r(o) = -o**3 - 7*o**2 + 2. Let c(m) = -3*m**3 - 22*m**2 - m + 6. Let y(p) = 2*c(p) - 7*r(p). Give y(-5).
8
Let i be ((-2)/5)/(1/(-5)). Let d(t) = -3*t - 2. What is d(i)?
-8
Let k(s) be the third derivative of s**5/10 - s**4/24 - s**3/6 - s**2. Let g(z) be the first derivative of k(z). What is g(1)?
11
Let b(m) = m**3 + 4*m**2 - 5*m. Let o(d) = -d - 22. Let k be o(-17). What is b(k)?
0
Let c(t) = -t**3 + 3*t**2 + 5*t - 2. Let r be c(3). Suppose 4*a = 3*z - r, 4*z = -5*a + 7 - 31. Let x(u) = 204 - 410 - 5*u + 207. What is x(z)?
6
Let n(g) be the third derivative of g**6/720 + g**5/20 - g**4/24 + 4*g**2. Let q(h) be the second derivative of n(h). What is q(-5)?
1
Let v be 6*(3/2 + -2). Let y(a) = -a - 2. Let s(m) = -m - 2. Suppose -4*k - k = -15. Let h(p) = k*y(p) - 4*s(p). Give h(v).
-1
Suppose 17 - 2 = -3*s. Suppose 0 = 4*i - 20. Let w(n) = -2*n**2 - 17*n + 5. Let b(f) = -f**2 - 8*f + 2. Let a(k) = i*b(k) - 2*w(k). What is a(s)?
5
Let t(c) = c**2 - 7*c + 12. Let j be t(5). Let i be 95/(-20) - j/8. Let m(n) = 3*n + 2. Give m(i).
-13
Let s = -2/173 + 177/346. Let f(l) be the second derivative of 0 - s*l**3 + 2*l + 1/2*l**2. Calculate f(-3).
10
Let i = 73 - 64. Let c(n) be the first derivative of n**4/4 - 3*n**3 - n**2/2 + 11*n + 3. Determine c(i).
2
Let v(b) be the second derivative of -b**4/12 + 7*b**3/6 + 7*b**2/2 + 4*b. Calculate v(7).
7
Let d(n) = 5*n**3 - 5*n**2 + 5*n + 3. Let x(o) = -o**3 + o**2 - o - 1. Let y(m) = d(m) + 4*x(m). What is y(0)?
-1
Let i(c) = -3*c**3 + 2*c + 1. Suppose 5*h + 4*t = -9, -3*h + 0*h = 3*t + 6. Let g be i(h). Let y(n) = -n**2 - 4 + 5 - 6*n + 5*n. Calculate y(g).
-5
Suppose 12 = 3*s + z - 8, 0 = -2*s + 3*z - 5. Let w(p) = 3*p + 8. Let j(d) = -4*d - 9. Let i(t) = s*w(t) + 4*j(t). Calculate i(5).
-1
Let u be 1/(-2)*(5 + -5). Suppose 3*i + i - 8 = u. Suppose -5*f = -3*j + 15, -5*f - 15 = -2*j - i*j. Let g(q) = -q - 4. Give g(f).
-1
Let f(t) be the second derivative of t**7/2520 + t**6/360 - t**5/120 + t**4/2 + 10*t. Let q(l) be the third derivative of f(l). Give q(2).
7
Suppose 0 = -5*v + 3 + 32. Suppose -v = -2*k - 1. Let m(x) = -x**3 + 2*x**2 + x + 1. What is m(k)?
-5
Let a(c) = 4*c - 5. Let z(s) = -11*s + 14. Let f(o) = -8*a(o) - 3*z(o). Let l = -2 - 7. Let i = l - -13. Determine f(i).
2
Let q(t) be the third derivative of -t**6/720 + t**4/12 + 3*t**2. Let v(p) be the second derivative of q(p). Calculate v(-3).
3
Let k(y) be the first derivative of 7*y**2/2 + 25. What is k(-1)?
-7
Let r(h) be the first derivative of 9*h + 5 - 1/2*h**2. Calculate r(0).
9
Let m(w) = 6 - 9*w - 4 + 2*w**2 + 3 - 3*w**2. What is m(-7)?
19
Let r be (-1)/(-4) - (-6)/8. Let n(a) = -a + 2. Let h(m) = 8*m**2 + 6*m - 11. Let u(l) = -h(l) - 5*n(l). Give u(r).
-8
Let d(s) = s**2 - 3*s - 5. Suppose 50 - 20 = 6*t. Give d(t).
5
Suppose 8*a - 5*a = -6. Let t(r) = r**2 + 4*r + 3. What is t(a)?
-1
Let n(r) = -3 + 2*r - r**2 + 0*r - 2*r**2. Suppose -3*p = -p - 4. Determine n(p).
-11
Let c(v) = -5*v**2 - 7*v - 2. Let w(i) = 6*i**2 + 9*i + 2. Let f(s) = -5*c(s) - 4*w(s). Determine f(0).
2
Let k(o) = -o**2 - 8*o - 7. Suppose 30 = -4*z - z. Calculate k(z).
5
Let n(k) = k - 6. Suppose -2*w + 0 - 6 = 0, 0 = 2*m - 4*w - 18. Let l(j) = 7*j**2 + 0*j - j**m - j - 9 + 3*j. Let h be l(7). Give n(h).
-1
Let c(t) be the first derivative of -t**3/3 + t**2/2 - 13*t - 8. Calculate c(0).
-13
Suppose 5 = 5*r - 15. Let a(x) = -1 - 1 - x + 0. What is a(r)?
-6
Suppose -3*q - 19 = 2*z - 1, -2*q - 3*z = 12. Let r(t) = t**2 + 7*t + 7. Calculate r(q).
1
Let k be (-8)/(-9)*-3*(1 - -2). Let n(g) = g - 2. Give n(k).
-10
Suppose 4 - 2 = -h. Let q(z) = -z**2 + 5*z + 14. Let r(y) = -2*y - 5. Let v(j) = 3*q(j) + 8*r(j). What is v(h)?
-8
Let a(f) = 6*f. Suppose 4*l - 44 = -4*p, -4*p + 7*p - 4*l - 5 = 0. Suppose -3*y + 0*y - 47 = -4*h, -7 = h + 3*y. Let v = h - p. Determine a(v).
6
Let h = 17 + -14. Let y(j) = -j**3 + 3*j**2 + j - 3. Determine y(h).
0
Let r(g) = g**2 + 8*g + 15. Let m(p) = p**2 + 8*p + 13. Let w(q) = -4*m(q) + 3*r(q). Let x be (6/8)/(1/(-8)). What is w(x)?
5
Let n(z) = z**2 + 4*z - 5. Suppose 36 = 4*t - 2*c, 0 = -2*t + 7*t + 3*c - 23. Suppose -p = -4*j - 4*p - t, -j + 11 = 5*p. Give n(j).
-5
Let z(t) = -7*t**2 + 14*t**2 + t**3 - 2 + 7. Calculate z(-7).
5
Let p(u) = 4*u - 7. Suppose 3*i + 4*f = 38, 7*f = i + 3*f + 14. Suppose s = -1 + i. Determine p(s).
13
Let g = -20 + 9. Let t = 14 + g. Let q(o) = -o**3 + 3*o**2 + 3*o + 1. Determine q(t).
10
Let x(i) = -i**2 - 2*i - 1. Let l be 0*((3 - 0) + -2). Suppose 5*r + l = -5. Calculate x(r).
0
Let i(s) = -2 + 2 + 2*s. Let k = 2 + -4. What is i(k)?
-4
Suppose c + 15 = 2*o, c = -1 - 4. Let t(k) = k**2. Let s(z) = -6*z**2 + 5. Let y(i) = o*t(i) + s(i). Determine y(0).
5
Suppose -5*j + j + 8 = 0. Let x = 1 + j. Let v(h) = 0*h**2 + 0*h**2 + 2*h**2 - 5*h - h**x + h + 3. What is v(2)?
-5
Let g(u) be the third derivative of -u**6/720 + u**5/120 + u**4/8 - u**2. Let b(w) be the second derivative of g(w). Determine b(3).
-2
Let t(n) = 5*n**3 + 3*n**2 + 6*n + 5. Let h(s) = 6*s**3 + 2*s**2 + 5*s + 4. Let w(o) = 4*h(o) - 5*t(o). What is w(-6)?
15
Let b(d) be the second derivative of -d**3/3 + 7*d**2/2 - 7*d. Calculate b(6).
-5
Let f = -7 + 3. Let t(k) = 8*k - 2. Let i(b) = 4*b - 1. Let m(r) = f*t(r) + 7*i(r). Let n be 1 + (-1)/2*-2. Determine m(n).
-7
Let w(h) be the third derivative of -h**6/20 - h**5/30 + h**3/6 + 11*h**2. Determine w(1).
-7
Let z(i) = -6*i**2 + i**3 - 1 + 5*i + 0*i + 0*i. Let t be z(5). Let a(u) be the first derivative of -u**2/2 + u - 1. What is a(t)?
2
Let r = -92 + 93. Let x(t) = 8*t**3 - 2*t**2 - 1. Let h(z) = -33*z**3 + 9*z**2 + 4. Let g(b) = 2*h(b) + 9*x(b). Give g(r).
5
Let p(u) = u + 4. Let z be p(5). Suppose 3 = 2*g - z. Let b(r) = -r**2 + 6*r - 6. What is b(g)?
-6
Let n(c) = 17*c**3 + 11*c**2 + 2*c. Let q(h) = -8*h**3 - 5*h**2 - h. Let k(a) = -3*n(a) - 7*q(a). Let u be 1 - 0 - 6/3. Determine k(u).
-4
Let b(k) = -k**3 - 3*k**2 + k - 4. Let r be b(-4). Suppose -3*v - 3 = -2*f - r, -5*f + 50 = 5*v. Let h(y) = -6 + 0*y + 2*y - y. Give h(v).
-1
Let l(k) = -12*k + 1. Suppose 0 = -2*h + 36 - 38. Determine l(h).
13
Let k = 10 + -7. Let g(u) be the first derivative of k + 1/2*u**2 - 2*u. Give g(4).
2
Let j(n) be the second derivative of -n**6/120 + n**5/15 - n**4/24 + n**3/6 + 2*n**2 + 4*n. Let d(u) be the first derivative of j(u). Determine d(4).
-3
Let w be (-32)/(-15) - (-14)/(-105). Suppose 2*n - 1 = 5*k - 0, 0 = 5*n + w*k - 17. Let y(t) = t - 2. Determine y(n).
1
Let b be (15 + -3)/(4 + -2). Let v(w) = w**3 - 7*w**2 + 7*w - 7. Give v(b).
-1
Let r = 20 - 22. Let z(n) = -n**3 - 3*n**2 - n. What is z(r)?
-2
Let t(y) be the first derivative of -3 - 9*y - y**2 + 0 + 4*y. Calculate t(-4).
3
Let i(k) = -4*k**2 - k + 3 + 0*k + 2*k**3 - k**3. Let p be 9/(-15)*(-10)/2. Suppose -3*x + 2*n + 27 = -p*n, 0 = 2*x + n - 5. Give i(x).
-1
Suppose 5*y = a - 2*a + 10, 0 = 4*y - 5*a + 21. Let q(g) = -g + 2*g - y + 0*g. Let j = -4 - -6. What is q(j)?
1
Let w(q) = q**3 - 3*q - 2. Let v(o) = o**2 + 5*o - 8. Let c be v(-6). Give w(c).
-4
Suppose -14*v = -14 - 0. Let q(l) = -17